 prime factors of 3853419577?
7, 79, 139, 50131
List the prime factors of 325031955.
3, 5, 19, 1140463
What are the prime factors of 46180038?
2, 3, 47, 83, 1973
List the prime factors of 728013186.
2, 3, 641, 63097
List the prime factors of 86641314.
2, 3, 14440219
List the prime factors of 1185387894.
2, 3, 1459, 45137
What are the prime factors of 19453278?
2, 3, 13, 461, 541
List the prime factors of 1215391236.
2, 3, 47, 2154949
List the prime factors of 6095098048.
2, 13, 41, 197, 907
What are the prime factors of 283737240?
2, 3, 5, 788159
What are the prime factors of 6778665693?
3, 83, 9074519
List the prime factors of 704765714.
2, 29, 37, 349, 941
List the prime factors of 265340042.
2, 11, 12060911
List the prime factors of 5931821120.
2, 5, 47, 149, 2647
What are the prime factors of 149866928?
2, 113, 82891
List the prime factors of 8629372.
2, 2157343
What are the prime factors of 2865580203?
3, 53, 18022517
What are the prime factors of 463334144?
2, 7, 13, 19889
What are the prime factors of 355821374?
2, 139, 271, 4723
List the prime factors of 1636323160.
2, 5, 1933, 21163
What are the prime factors of 714603676?
2, 178650919
List the prime factors of 574516560.
2, 3, 5, 2393819
List the prime factors of 1022746887.
3, 59, 1926077
List the prime factors of 373130.
2, 5, 37313
What are the prime factors of 121448702?
2, 1471, 41281
What are the prime factors of 12122093?
12122093
What are the prime factors of 186249395?
5, 31, 911, 1319
What are the prime factors of 667626268?
2, 4129, 40423
List the prime factors of 2549365834.
2, 97, 271, 48491
List the prime factors of 33035554.
2, 89, 185593
What are the prime factors of 9655020?
2, 3, 5, 53639
List the prime factors of 42489703.
211, 349, 577
What are the prime factors of 8284926130?
2, 5, 13, 63730201
List the prime factors of 28434361.
41, 191, 3631
List the prime factors of 348337236.
2, 3, 13, 2232931
What are the prime factors of 711556393?
853, 834181
List the prime factors of 2312034436.
2, 31, 18645439
What are the prime factors of 327982757?
327982757
List the prime factors of 23099968.
2, 61, 97
List the prime factors of 332558155.
5, 101, 211, 3121
List the prime factors of 598636189.
598636189
List the prime factors of 476584033.
61, 173, 45161
What are the prime factors of 808953984?
2, 3, 179, 3923
List the prime factors of 311092151.
311092151
List the prime factors of 148803625.
5, 1190429
What are the prime factors of 827406677?
17, 167, 291443
What are the prime factors of 65160713?
3001, 21713
List the prime factors of 823289609.
103, 7993103
What are the prime factors of 84435030?
2, 3, 5, 47, 19961
What are the prime factors of 63322949?
63322949
List the prime factors of 23606021.
109, 216569
List the prime factors of 16263349.
16263349
What are the prime factors of 147620127?
3, 2083, 23623
What are the prime factors of 121948357?
113, 1079189
What are the prime factors of 1071293207?
19, 151, 181, 2063
List the prime factors of 40557899.
40557899
List the prime factors of 309268534.
2, 23, 109, 61681
What are the prime factors of 178173061?
11, 601, 26951
List the prime factors of 72600564.
2, 3, 6050047
List the prime factors of 167208724.
2, 2777, 15053
List the prime factors of 2189350704.
2, 3, 45611473
List the prime factors of 41361359.
13, 53, 173, 347
List the prime factors of 251856761.
13, 19, 1019663
List the prime factors of 3848773665.
3, 5, 11, 19, 331, 3709
List the prime factors of 164180482.
2, 19, 41, 105379
What are the prime factors of 3766889769?
3, 1255629923
What are the prime factors of 51587734?
2, 11, 853, 2749
What are the prime factors of 2398351544?
2, 37, 751, 10789
What are the prime factors of 2027631715?
5, 29, 13983667
List the prime factors of 133344998.
2, 66672499
What are the prime factors of 33986808?
2, 3, 17, 27767
List the prime factors of 238895289.
3, 79, 335999
List the prime factors of 5326168.
2, 17, 39163
What are the prime factors of 44510862?
2, 3, 11, 17, 39671
What are the prime factors of 74591232?
2, 3, 24281
What are the prime factors of 527826769?
527826769
What are the prime factors of 54166325?
5, 47, 46099
List the prime factors of 1378218865.
5, 19, 3583, 4049
List the prime factors of 246599616.
2, 3, 1284373
What are the prime factors of 147246385?
5, 11, 13, 101, 2039
List the prime factors of 54747267.
3, 839, 21751
List the prime factors of 218680329.
3, 7, 19, 29, 18899
What are the prime factors of 30683115?
3, 5, 307, 2221
List the prime factors of 41968322.
2, 11, 211, 9041
What are the prime factors of 4505920121?
107, 42111403
What are the prime factors of 74202424?
2, 613, 15131
What are the prime factors of 2481288257?
7, 354469751
What are the prime factors of 1491506543?
17, 353, 248543
List the prime factors of 186584427.
3, 19, 1091137
What are the prime factors of 34733235?
3, 5, 19, 47, 2593
What are the prime factors of 1308851384?
2, 337, 485479
List the prime factors of 17604560.
2, 5, 220057
What are the prime factors of 169563085?
5, 41, 787, 1051
List the prime factors of 861525086.
2, 601, 716743
List the prime factors of 3030658956.
2, 3, 13, 2158589
What are the prime factors of 1233599146?
2, 13, 139, 341339
List the prime factors of 39867544.
2, 4983443
What are the prime factors of 65411930?
2, 5, 37, 176789
What are the prime factors of 1623674639?
20411, 79549
List the prime factors of 1558452767.
1558452767
What are the prime factors of 196822038?
2, 3, 7, 31, 151169
What are the prime factors of 127667516?
2, 43, 742253
What are the prime factors of 207228102?
2, 3, 61, 223, 2539
What are the prime factors of 293637423?
3, 97879141
List the prime factors of 4547668333.
13, 89, 3930569
What are the prime factors of 397699183?
7, 367, 154807
List the prime factors of 54673193.
54673193
List the prime factors of 431860211.
431860211
List the prime factors of 5457588159.
3, 47, 38706299
List the prime factors of 578922374.
2, 23, 653, 19273
What are the prime factors of 32213436?
2, 3, 17, 19, 8311
What are the prime factors of 113834766?
2, 3, 199, 95339
What are the prime factors of 2864797826?
2, 11, 167, 779749
List the prime factors of 31853553.
3, 311, 34141
What are the prime factors of 234916622?
2, 47, 1063, 2351
What are the prime factors of 25132198?
2, 7, 13, 19727
List the prime factors of 143158591.
127, 821, 1373
List the prime factors of 1247952800.
2, 5, 71, 127, 173
List the prime factors of 39605862.
2, 3, 23, 286999
List the prime factors of 462515503.
37, 12500419
List the prime factors of 1928313067.
389, 4957103
List the prime factors of 22875526.
2, 1481, 7723
What are the prime factors of 293076287?
7, 41868041
List the prime factors of 1348640580.
2, 3, 5, 7, 3211049
List the prime factors of 996189718.
2, 397, 1254647
What are the prime factors of 214492816?
2, 29, 109, 4241
What are the prime factors of 2686670020?
2, 5, 23, 59, 98993
List the prime factors of 6069119204.
2, 17, 23, 619, 6269
What are the prime factors of 12370318?
2, 6185159
List the prime factors of 171412326.
2, 3, 17, 560171
List the prime factors of 1083638235.
3, 5, 67, 1078247
List the prime factors of 4876313.
13, 375101
List the prime factors of 260235946.
2, 130117973
List the prime factors of 125595670.
2, 5, 12559567
What are the prime factors of 1948657118?
2, 613, 1589443
List the prime factors of 16514806.
2, 7, 11, 9749
What are the prime factors of 48844501?
48844501
What are the prime factors of 154582006?
2, 29, 59, 199, 227
List the prime factors of 1172336237.
1172336237
List the prime factors of 3162565628.
2, 509, 1087, 1429
List the prime factors of 93195923.
709, 131447
List the prime factors of 8473782.
2, 3, 1412297
List the prime factors of 189211701.
3, 7, 9010081
List the prime factors of 139482104.
2, 17435263
What are the prime factors of 1098242851?
41, 1031, 25981
What are the prime factors of 1257702783?
3, 379, 1106159
List the prime factors of 69669441.
3, 139, 55691
List the prime factors of 42301323.
3, 37, 127031
What are the prime factors of 2271016106?
2, 1135508053
What are the prime factors of 22677621?
3, 19, 191, 2083
List the prime factors of 2132575253.
37, 1093, 52733
What are the prime factors of 1199721887?
7